14 (base 10) to base 6.
-554
What is 77733a (base 11) in base 5?
304131232
Convert -11362758 (base 9) to base 7.
-65013125
-873b92 (base 13) to base 9
-5874484
What is 3012220 (base 5) in base 16?
bac2
Convert 4522657 (base 8) to base 11.
765177
Convert -112000010100 (base 3) to base 2.
-1000011010011000100
Convert 23ac83 (base 14) to base 11.
764231
What is -540a (base 14) in base 2?
-11100010110010
What is -6306216 (base 8) in base 4?
-12120302032
What is -353437 (base 8) in base 3?
-20010102221
What is 11a700 (base 12) in base 11?
1872a8
-1cb242 (base 15) to base 9
-2570558
Convert -31d7a4 (base 16) to base 9.
-6127668
110000111101000011111 (base 2) to base 4
12013220133
What is 360870 (base 11) in base 5?
121301134
What is -3600601 (base 7) in base 13?
-12b8b7
What is -30110223 (base 5) in base 15?
-4a893
Convert 4830ad (base 14) to base 8.
11322301
368062 (base 9) to base 4
312103001
Convert -175535b (base 13) to base 3.
-112021010010101
-d94a5 (base 16) to base 5
-211440041
4b771 (base 15) to base 11
15532a
-38b552 (base 13) to base 8
-5156626
-1991a9 (base 12) to base 8
-1561321
What is -100304500 (base 7) in base 10?
-5816839
Convert 23711208 (base 9) to base 16.
b0b688
-69a7a3 (base 13) to base 3
-11201102110100
What is 523433 (base 6) in base 12?
20579
What is -2171231 (base 8) in base 4?
-2033022121
What is -215099 (base 10) in base 9?
-357048
Convert 101111101000010100 (base 2) to base 15.
3cc12
Convert 100330311 (base 4) to base 13.
257a9
1d620d (base 14) to base 7
11650116
Convert -100314141 (base 5) to base 2.
-1100001111100010011
What is 473c3 (base 13) in base 9?
217645
What is 2413571 (base 8) in base 10?
661369
Convert 2838378 (base 9) to base 16.
17d20f
Convert 14b3aa7 (base 13) to base 14.
c49bbc
Convert 15560a (base 11) to base 13.
85cb3
Convert -f21ef (base 16) to base 9.
-1771348
-b683d (base 14) to base 5
-103100123
What is -1001122222002 (base 3) in base 11?
-3559a9
Convert 111011001010101101001001 (base 2) to base 9.
32160166
394a4 (base 13) to base 11
72926
What is 10a737e (base 15) in base 5?
11022440134
What is -201021122200 (base 3) in base 6?
-12045113
Convert -401215 (base 8) to base 14.
-3600d
bcc75 (base 15) to base 13
180251
What is 1012102022 (base 4) in base 8?
1062212
Convert -5c2738 (base 14) to base 5.
-1302011042
Convert 372877 (base 9) to base 15.
46b1a
What is 120b329 (base 14) in base 9?
17222317
Convert -6a1a2 (base 13) to base 9.
-324552
Convert 232223122 (base 5) to base 16.
101843
Convert -120003103 (base 5) to base 16.
-859ce
Convert 420122 (base 7) to base 3.
10122220012
What is -10112021212211 (base 3) in base 14?
-36b779
What is -94039d (base 14) in base 13?
-105b60c
What is 1123322000 (base 4) in base 13?
102467
What is 318bfa (base 16) in base 12?
1107136
-1011000010101011110001 (base 2) to base 13
-7a468a
What is 417549 (base 10) in base 11?
265790
What is -1022012212200 (base 3) in base 8?
-2511705
-6305205 (base 8) to base 2
-110011000101010000101
What is 12212111010110 (base 3) in base 12?
1065310
11453 (base 6) to base 7
4632
-a3663 (base 13) to base 12
-121894
1165362 (base 8) to base 10
322290
Convert 3536005 (base 8) to base 9.
1731540
-1331030024 (base 5) to base 8
-14703371
-12112010221 (base 4) to base 13
-4630b1
21201313 (base 6) to base 8
2277515
21619 (base 11) to base 16
7a7f
Convert 17936 (base 15) to base 3.
10212200220
Convert -23454162 (base 7) to base 11.
-11a1314
-1948331 (base 13) to base 4
-133222210031
Convert -1555557 (base 10) to base 6.
-53201353
What is 11220022313 (base 4) in base 15?
1e21a5
Convert 13587 (base 14) to base 8.
135203
aa590 (base 14) to base 15
8243b
What is 13724 (base 8) in base 7?
23533
Convert -10102311103 (base 4) to base 16.
-112d53
What is 163604 (base 13) in base 12?
226538
-3103323122 (base 4) to base 10
-868058
1050430123 (base 6) to base 16
afaa63
-1736b65 (base 13) to base 7
-120655431
Convert b63c5b (base 15) to base 14.
1219786
75146512 (base 8) to base 16
f4cd4a
What is 165464 (base 7) in base 12?
17242
What is 20101111220211 (base 3) in base 16?
33d027
Convert 133000021013 (base 4) to base 7.
126036005
Convert 477267 (base 11) to base 5.
143200243
Convert 450266 (base 7) to base 2.
10011011000010011
What is -55373b (base 15) in base 6?
-223020232
Convert 38a1a9 (base 11) to base 8.
2256707
7482a7 (base 11) to base 8
4441600
Convert b513 (base 16) to base 7.
252101
-225351 (base 8) to base 4
-102223221
What is 12314612 (base 7) in base 6?
35510202
-1541ba (base 13) to base 8
-1775710
What is -32210232003 (base 4) in base 8?
-16445603
What is 220113330330 (base 4) in base 5?
10202140433
What is -12454235 (base 7) in base 8?
-4261562
-68394 (base 10) to base 13
-25191
Convert d913 (base 16) to base 14.
16375
19aad6 (base 14) to base 7
10522156
Convert 261a416 (base 11) to base 14.
861a64
Convert -3509 (base 15) to base 5.
-330014
Convert 112022102121200 (base 3) to base 15.
a039dc
Convert 1011002011010 (base 3) to base 6.
21040050
1680501 (base 10) to base 15
232dd6
What is -10111110010011000111011 (base 2) in base 3?
-102201210210010
What is -5857571 (base 9) in base 16?
-3056e6
Convert 716735 (base 10) to base 13.
1c1306
What is -e805 (base 15) in base 8?
-137637
Convert 306062 (base 12) to base 4.
2320303022
-3774436 (base 8) to base 15
-15a279
Convert 10722568 (base 9) to base 13.
110605a
-1010110000111 (base 2) to base 7
-22032
What is -25499 (base 11) in base 8?
-107261
What is -320110323102 (base 4) in base 7?
-236335626
Convert -37726 (base 15) to base 9.
-288850
4bbc1a (base 13) to base 6
103043401
-1310563 (base 7) to base 11
-107328
Convert -58b92 (base 15) to base 6.
-10020545
-204200042 (base 5) to base 6
-30115142
-2623002 (base 10) to base 16
-28061a
What is -4144130120 (base 5) in base 12?
-2a5b134
What is -1010111122 (base 3) in base 10?
-22238
405434524 (base 6) to base 16
6aa014
Convert 78359 (base 10) to base 3.
10222111012
Convert 62724 (base 9) to base 15.
c40d
What is 3415115 (base 6) in base 12?
8449b
-344721 (base 16) to base 15
-47a206
13207103 (base 8) to base 11
1737508
Convert 333065 (base 10) to base 16.
51509
Convert -23496 (base 15) to base 9.
-181176
What is 160426 (base 7) in base 15?
94a4
Convert -4352122 (base 6) to base 4.
-310331102
10a49b (base 12) to base 10
266807
Convert -2231101023 (base 4) to base 7.
-6014055
What is -1275313 (base 8) in base 13?
-c75c3
310655 (base 13) to base 11
711168
-10011200120 (base 3) to base 15
-13796
What is 12314143 (base 7) in base 3?
2002112220111
5aab6 (base 14) to base 3
102021000220
-10010101110111000 (base 2) to base 3
-10220020210
Convert 213684 (base 9) to base 12.
61894
Convert 666925 (base 15) to base 3.
100012001021022
Convert 683792 (base 15) to base 4.
102332020133
Convert 1c962 (base 15) to base 3.
11201220102
Convert -122200012212 (base 3) to base 13.
-c246b
Convert -32442402 (base 7) to base 12.
-b22aa3
Convert -25a4649 (base 12) to base 13.
-1702641
250422041 (base 6) to base 13
cba844
-1115233 (base 7) to base 6
-2550034
What is 7352374 (base 8) in base 10?
1955068
-20685 (base 13) to base 8
-161605
-212b3 (base 12) to base 15
-cdd3
What is -15204084 (base 9) in base 16?
-736030
What is -1c57b (base 16) in base 5?
-12203331
6f8a2 (base 16) to base 13
12cc47
-1011011011111011 (base 2) to base 12
-23137
What is 2012230553 (base 6) in base 14?
2a2c633
233119 (base 11) to base 9
623677
Convert -101000001111111000 (base 2) to base 15.
-33ca6
Convert 5710167 (base 8) to base 7.
16061236
200121320 (base 4) to base 2
100000011001111000
What is -261098 (base 10) in base 16?
-3fbea
Convert -4020142 (base 5) to base 4.
-33210311
-4334600 (base 7) to base 9
-886772
Convert 11a85 (base 13) to base 6.
410421
What is 33890 (base 10) in base 12?
17742
What is 111000000011101001010110 (base 2) in base 6?
1242544222
162223 (base 9) to base 10
100056
-6388022 (base 9) to base 5
-1334033013
What is 3496684 (base 13) in base 2?
111101111100000110011000
a27290 (base 11) to base 3
10002210121202
-5a9a3 (base 11) to base 16
-156a5
-1cd067 (base 15) to base 6
-50123411
25961 (base 12) to base 15
103c1
What is 5162705 (base 9) in base 15?
397135
What is 201442231 (base 5) in base 14?
171db9
What is -3560b60 (base 12) in base 2?
-100111011001100001111000
Convert -14d